is the highest common divisor of 3 and 48?
3
Calculate the highest common divisor of 56 and 3008.
8
Calculate the greatest common factor of 1219 and 253.
23
What is the greatest common factor of 6655 and 5?
5
What is the greatest common factor of 81 and 3915?
27
What is the greatest common factor of 174 and 114?
6
Calculate the highest common divisor of 1131 and 87.
87
Calculate the greatest common factor of 16 and 128.
16
What is the highest common divisor of 28 and 973?
7
What is the highest common divisor of 118 and 67850?
118
What is the greatest common divisor of 230 and 46?
46
Calculate the greatest common divisor of 28 and 44.
4
Calculate the highest common divisor of 5725 and 25.
25
Calculate the highest common factor of 212 and 16.
4
What is the greatest common factor of 30 and 3030?
30
Calculate the highest common factor of 84 and 112.
28
What is the greatest common divisor of 96 and 480?
96
What is the greatest common factor of 3615 and 15?
15
What is the greatest common divisor of 1150 and 50?
50
Calculate the greatest common factor of 885 and 354.
177
Calculate the highest common factor of 323 and 51.
17
What is the greatest common divisor of 312 and 390?
78
What is the highest common factor of 598 and 368?
46
What is the highest common factor of 195 and 840?
15
Calculate the greatest common divisor of 2716 and 84.
28
Calculate the highest common factor of 62 and 434.
62
What is the greatest common factor of 4816 and 43?
43
Calculate the greatest common factor of 195 and 1105.
65
What is the highest common factor of 51 and 9?
3
Calculate the greatest common factor of 55 and 132.
11
Calculate the highest common divisor of 7 and 28.
7
What is the highest common divisor of 78 and 1586?
26
What is the highest common factor of 615 and 30?
15
Calculate the greatest common factor of 4 and 3.
1
Calculate the greatest common factor of 323 and 7201.
19
Calculate the highest common divisor of 6 and 72.
6
What is the greatest common factor of 1904 and 119?
119
Calculate the greatest common factor of 16 and 132.
4
What is the greatest common divisor of 123 and 943?
41
Calculate the greatest common factor of 208 and 64.
16
What is the highest common factor of 38 and 4?
2
Calculate the greatest common divisor of 6 and 1446.
6
Calculate the greatest common factor of 44 and 42086.
22
What is the greatest common divisor of 91 and 42?
7
What is the greatest common factor of 288 and 1800?
72
Calculate the highest common divisor of 17793 and 27.
27
Calculate the highest common divisor of 559 and 301.
43
What is the highest common divisor of 1334 and 58?
58
What is the highest common divisor of 1140 and 11780?
380
What is the greatest common factor of 4392 and 72?
72
What is the highest common divisor of 216 and 84?
12
What is the greatest common divisor of 11 and 9119?
11
What is the greatest common divisor of 30 and 480?
30
Calculate the highest common factor of 56798 and 14.
14
Calculate the greatest common divisor of 256 and 560.
16
What is the highest common divisor of 1 and 622?
1
Calculate the greatest common divisor of 24 and 312.
24
What is the greatest common divisor of 142 and 497?
71
Calculate the greatest common divisor of 46 and 6302.
46
What is the highest common divisor of 98 and 70?
14
What is the greatest common factor of 55 and 33?
11
Calculate the highest common factor of 125 and 1450.
25
What is the greatest common divisor of 105 and 9485?
35
What is the highest common factor of 60 and 13980?
60
Calculate the highest common divisor of 845 and 10.
5
Calculate the highest common factor of 5226 and 234.
78
Calculate the greatest common divisor of 5820 and 10.
10
What is the greatest common divisor of 41 and 6191?
41
What is the highest common factor of 44 and 869?
11
What is the greatest common divisor of 579 and 3?
3
What is the highest common divisor of 8378 and 994?
142
What is the greatest common factor of 29 and 551?
29
Calculate the highest common divisor of 20 and 995.
5
Calculate the greatest common divisor of 2375 and 190.
95
Calculate the greatest common factor of 142 and 142.
142
What is the greatest common factor of 19446 and 6?
6
Calculate the greatest common divisor of 53 and 1272.
53
Calculate the greatest common factor of 343 and 35.
7
What is the greatest common factor of 43 and 1290?
43
What is the highest common divisor of 110 and 140?
10
Calculate the greatest common divisor of 4880 and 560.
80
Calculate the greatest common factor of 185 and 185.
185
What is the highest common factor of 14 and 7?
7
Calculate the highest common divisor of 3 and 2.
1
Calculate the greatest common divisor of 105 and 6045.
15
What is the greatest common factor of 17 and 3281?
17
What is the greatest common factor of 703 and 74?
37
Calculate the highest common divisor of 12 and 942.
6
What is the highest common factor of 78 and 4992?
78
Calculate the highest common divisor of 615 and 82.
41
What is the greatest common divisor of 24173 and 23?
23
Calculate the highest common divisor of 8668 and 77.
11
Calculate the highest common divisor of 2576 and 230.
46
What is the highest common divisor of 4 and 7?
1
What is the highest common divisor of 2125 and 85?
85
What is the highest common factor of 77 and 297?
11
Calculate the highest common divisor of 30 and 324.
6
What is the greatest common factor of 24 and 6472?
8
What is the highest common factor of 4 and 2316?
4
Calculate the highest common divisor of 3328 and 442.
26
Calculate the highest common factor of 42 and 357.
21
Calculate the highest common divisor of 60 and 156.
12
Calculate the greatest common divisor of 510 and 7820.
170
Calculate the greatest common factor of 87 and 3741.
87
What is the highest common divisor of 38 and 10716?
38
What is the greatest common divisor of 4 and 44?
4
What is the highest common factor of 13 and 39?
13
What is the greatest common divisor of 66 and 33?
33
What is the highest common divisor of 18 and 41913?
9
What is the greatest common factor of 627 and 165?
33
What is the highest common divisor of 66816 and 261?
261
Calculate the highest common factor of 15 and 11085.
15
What is the highest common factor of 7 and 483?
7
What is the highest common factor of 13481 and 442?
221
Calculate the highest common divisor of 22 and 396.
22
Calculate the greatest common divisor of 4230 and 135.
45
What is the highest common factor of 33 and 21?
3
Calculate the greatest common divisor of 21 and 49.
7
What is the highest common divisor of 91 and 1235?
13
What is the greatest common divisor of 260 and 572?
52
What is the highest common divisor of 2050 and 25?
25
Calculate the highest common factor of 8792 and 56.
56
What is the highest common factor of 2790 and 25?
5
Calculate the highest common factor of 30 and 3940.
10
What is the highest common factor of 18 and 5058?
18
Calculate the greatest common divisor of 7 and 6.
1
What is the highest common divisor of 5 and 1135?
5
Calculate the highest common divisor of 106 and 2014.
106
What is the greatest common divisor of 45 and 1920?
15
Calculate the highest common factor of 12 and 192.
12
Calculate the highest common divisor of 1 and 17.
1
What is the highest common factor of 17 and 3043?
17
What is the highest common factor of 4 and 512?
4
What is the highest common divisor of 407 and 23606?
407
Calculate the greatest common divisor of 1716 and 52.
52
Calculate the greatest common factor of 5920 and 10.
10
What is the highest common factor of 1356 and 24?
12
What is the greatest common divisor of 3477 and 76?
19
What is the greatest common factor of 1960 and 56?
56
Calculate the greatest common factor of 156 and 117.
39
Calculate the greatest common divisor of 48 and 400.
16
Calculate the highest common divisor of 176 and 40.
8
What is the greatest common divisor of 760 and 34010?
190
What is the highest common factor of 75 and 1800?
75
Calculate the greatest common factor of 55 and 374.
11
Calculate the highest common divisor of 52 and 16.
4
What is the highest common factor of 81 and 180?
9
What is the greatest common factor of 6 and 303?
3
Calculate the greatest common divisor of 54 and 3.
3
What is the highest common divisor of 357 and 51?
51
Calculate the highest common factor of 28 and 91.
7
Calcula